{"id":293,"date":"2025-07-29T13:19:00","date_gmt":"2025-07-29T13:19:00","guid":{"rendered":"https:\/\/israsaintlouis.sn\/plateformeble\/forum-2\/"},"modified":"2025-07-29T19:21:30","modified_gmt":"2025-07-29T19:21:30","slug":"forum-2","status":"publish","type":"page","link":"https:\/\/israsaintlouis.sn\/plateformeble\/forum-2\/","title":{"rendered":"Forum"},"content":{"rendered":"\n\n\n\n<div id=\"af-wrapper\"><div id=\"forum-header\"><div id=\"forum-navigation-mobile\"><a><span class=\"fas fa-bars\"><\/span>Menu<\/a><\/div><span class=\"screen-reader-text\">Navigation du forum<\/span><div id=\"forum-navigation\"><a class=\"home-link\" href=\"https:\/\/israsaintlouis.sn\/plateformeble\/forum-2\" target=\"_self\">Forum<\/a><a class=\"members-link\" href=\"https:\/\/israsaintlouis.sn\/plateformeble\/forum-2\/members\/\" target=\"_self\">Membres<\/a><a class=\"activity-link\" href=\"https:\/\/israsaintlouis.sn\/plateformeble\/forum-2\/activity\/\" target=\"_self\">Activit\u00e9<\/a><a class=\"login-link\" href=\"https:\/\/israsaintlouis.sn\/plateformeble\/wp-login.php?redirect_to=https%3A%2F%2Fisrasaintlouis.sn%2Fplateformeble%2Fwp-json%2Fwp%2Fv2%2Fpages%2F293\" target=\"_self\">Se connecter<\/a><a class=\"register-link\" href=\"https:\/\/israsaintlouis.sn\/plateformeble\/wp-login.php?action=register\" target=\"_self\">S\u2019inscrire<\/a><\/div><div id=\"forum-search\"><span class=\"search-icon fas fa-search\"><\/span><form method=\"get\" action=\"https:\/\/israsaintlouis.sn\/plateformeble\/forum-2\/search\/\"><input name=\"keywords\" type=\"search\" placeholder=\"Recherche\u2026\" value=\"\"><\/form><\/div><div class=\"clear\"><\/div><\/div><div id=\"forum-breadcrumbs\" itemscope itemtype=\"http:\/\/schema.org\/BreadcrumbList\"><span class=\"screen-reader-text\">Fil d\u2019Ariane du forum\u202f\u2013 Vous \u00eates ici\u202f:<\/span><span class=\"breadcrumb-icon fas fa-home\"><\/span><span itemprop=\"itemListElement\" itemscope itemtype=\"https:\/\/schema.org\/ListItem\"><a itemprop=\"item\" href=\"https:\/\/israsaintlouis.sn\/plateformeble\/forum-2\" title=\"Forum\"><span itemprop=\"name\">Forum<\/span><\/a><meta itemprop=\"position\" content=\"1\"><\/span><span class=\"breadcrumb-icon fas fa-chevron-right separator\"><\/span><\/div><h1 class=\"main-title main-title-\">Forum<\/h1><div class=\"title-element\" id=\"forum-category-41\">Exemple de cat\u00e9gorie<span class=\"last-post-headline\">Dernier message\u202f:<\/span><\/div><div class=\"content-container\"><div class=\"content-element forum\" id=\"forum-1\"><div class=\"forum-status read\"><i class=\"fas fa-comments\"><\/i><\/div><div class=\"forum-name\"><a class=\"forum-title\" href=\"https:\/\/israsaintlouis.sn\/plateformeble\/forum-2\/forum\/premier-forum\/\">Premier forum<\/a><small class=\"forum-description\">Mon premier forum.<\/small><small class=\"forum-stats\">0 sujet&nbsp;&middot;&nbsp;0 message<\/small><small class=\"forum-lastpost-small\"><small class=\"no-topics\">Aucun sujet pour le moment\u00a0!<\/small><\/small><small class=\"forum-subforums\"><b>Sous-forums:<\/b>&nbsp;<a href=\"https:\/\/israsaintlouis.sn\/plateformeble\/forum-2\/forum\/lavenir-du-ble-au-coeur-du-debat\/\">L\u2019avenir du bl\u00e9 au c\u0153ur du d\u00e9bat<\/a><\/small><\/div><div class=\"forum-poster\"><small class=\"no-topics\">Aucun sujet pour le moment\u00a0!<\/small><\/div><\/div><\/div><div id=\"read-unread\"><span class=\"indicator unread\"><\/span><span class=\"indicator-label\">Nouvelles publications<\/span><span class=\"indicator read\"><\/span><span class=\"indicator-label\">Rien de nouveau<\/span><span class=\"indicator-label\"><span class=\"fas fa-check\"><\/span><a href=\"https:\/\/israsaintlouis.sn\/plateformeble\/forum-2\/markallread\/?_wpnonce=a92729c71e\">Tout marquer comme lu<\/a><\/span><span class=\"indicator-label\"><span class=\"fas fa-history\"><\/span><a href=\"https:\/\/israsaintlouis.sn\/plateformeble\/forum-2\/unread\/\">Afficher les sujets non lus<\/a><\/span><div class=\"clear\"><\/div><\/div><div id=\"statistics\"><div class=\"title-element title-element-dark\"><span class=\"title-element-icon fas fa-chart-pie\"><\/span>Statistiques<\/div><div id=\"statistics-body\"><div id=\"statistics-elements\"><div class=\"statistics-element\"><div class=\"element-number\"><span class=\"statistics-element-icon far fa-comments\"><\/span>0<\/div><div class=\"element-name\">Sujets<\/div><\/div><div class=\"statistics-element\"><div class=\"element-number\"><span class=\"statistics-element-icon far fa-comment\"><\/span>0<\/div><div class=\"element-name\">Messages<\/div><\/div><div class=\"statistics-element\"><div class=\"element-number\"><span class=\"statistics-element-icon far fa-eye\"><\/span>0<\/div><div class=\"element-name\">Vues<\/div><\/div><div class=\"statistics-element\"><div class=\"element-number\"><span class=\"statistics-element-icon far fa-user\"><\/span>1<\/div><div class=\"element-name\">Utilisateurs<\/div><\/div><div class=\"statistics-element\"><div class=\"element-number\"><span class=\"statistics-element-icon far fa-lightbulb\"><\/span>0<\/div><div class=\"element-name\">En ligne<\/div><\/div><\/div><div id=\"statistics-online-users\"><span class=\"online-users-icon fas fa-user\"><\/span>Membre le plus r\u00e9cent\u00a0:&nbsp;<i><a class=\"profile-link highlight-admin\" href=\"https:\/\/israsaintlouis.sn\/plateformeble\/forum-2\/profile\/admin\/\">admin<\/a><\/i>&nbsp;&middot;&nbsp;<span class=\"online-users-icon fas fa-users\"><\/span><i>Personne n\u2019est actuellement en ligne.<\/i><\/div><\/div><div class=\"clear\"><\/div><\/div><div id=\"bottom-navigation\"><\/div><div class=\"clear\"><\/div><\/div>\n\n\n\n","protected":false},"excerpt":{"rendered":"","protected":false},"author":1,"featured_media":0,"parent":0,"menu_order":0,"comment_status":"closed","ping_status":"closed","template":"","meta":{"_acf_changed":false,"om_disable_all_campaigns":false,"pagelayer_contact_templates":[],"_pagelayer_content":"","footnotes":""},"class_list":["post-293","page","type-page","status-publish","hentry"],"acf":[],"jetpack_sharing_enabled":true,"_links":{"self":[{"href":"https:\/\/israsaintlouis.sn\/plateformeble\/wp-json\/wp\/v2\/pages\/293","targetHints":{"allow":["GET"]}}],"collection":[{"href":"https:\/\/israsaintlouis.sn\/plateformeble\/wp-json\/wp\/v2\/pages"}],"about":[{"href":"https:\/\/israsaintlouis.sn\/plateformeble\/wp-json\/wp\/v2\/types\/page"}],"author":[{"embeddable":true,"href":"https:\/\/israsaintlouis.sn\/plateformeble\/wp-json\/wp\/v2\/users\/1"}],"replies":[{"embeddable":true,"href":"https:\/\/israsaintlouis.sn\/plateformeble\/wp-json\/wp\/v2\/comments?post=293"}],"version-history":[{"count":1,"href":"https:\/\/israsaintlouis.sn\/plateformeble\/wp-json\/wp\/v2\/pages\/293\/revisions"}],"predecessor-version":[{"id":302,"href":"https:\/\/israsaintlouis.sn\/plateformeble\/wp-json\/wp\/v2\/pages\/293\/revisions\/302"}],"wp:attachment":[{"href":"https:\/\/israsaintlouis.sn\/plateformeble\/wp-json\/wp\/v2\/media?parent=293"}],"curies":[{"name":"wp","href":"https:\/\/api.w.org\/{rel}","templated":true}]}}